-5
What is -2 + -6 + (40 - 24) - 4?
4
Evaluate 3 + 2 + 1 + -6 - (3 - 1).
-2
Calculate -6 - 0 - ((-19 - -16 - 13) + 26).
-16
What is -1 - (-2 - -8) - (4 + -1)?
-10
Calculate (-1 + -6 - (-2 - -6 - 35)) + 6.
30
What is (0 - 0) + 3 + (-35 + 5 - -13)?
-14
What is the value of (10 - 2) + (-24 - -11)?
-5
-472 + 468 - (0 - 18)
14
Evaluate 1 + (-7 - -12) + -9 - (4 + -14).
7
Evaluate 338 + -318 + (-1 - 0) + -9.
10
What is the value of -32 + -28 + (-2 - -33)?
-29
What is 7 + (4 - 4 - (12 - 6 - 11))?
12
What is the value of 3 - ((14 - -8) + -11 + 0 - 36)?
28
What is the value of (8 - (-1 + 6)) + -1 + -15?
-13
What is 1 - 1 - (102 - 50 - 49)?
-3
What is -11 - (-3 + (2 + -9 - (32 - 43)))?
-12
What is -3 + -2 + 8 + (16 - 8) - 8?
3
Evaluate -11 + (9 - (-7 + 4)).
1
Calculate -18 + 13 + 5 + -3 + 5 + -3.
-1
What is (1 - (5 - 7)) + (-13 - -9) + 6?
5
What is the value of 266 + -257 + -4 + -2 - 13?
-10
What is the value of (21 - 7) + -27 + (7 - -1)?
-5
What is -6 + -5 - -6 - (-6 - -16)?
-15
Calculate 5 + (-3 - ((3 - -10) + -11)).
0
-15 + 18 + -6 - 4
-7
What is (-16 - 4) + 16 + 7?
3
What is the value of -6 + 8 + (-11 - -9) + 6?
6
(3 - 7 - -16) + (128 - 137)
3
Evaluate 49 - (33 - (15 + 1)).
32
What is the value of -16 + -7 + 17 - -25?
19
What is 18 + -62 + 28 + -1?
-17
What is the value of (26 - 8) + -6 - 9 - 8?
-5
What is the value of (6 - -2) + 15 + 6 + -64 + 12?
-23
Calculate 44 + -35 + -45 + 49.
13
What is the value of (14 - -8 - 10) + (-6 - -11)?
17
What is -11 - (10 - (40 + -12))?
7
Calculate -1 - (-39 - 0) - (71 + (-194 - -135)).
26
Calculate 0 - 2 - (11 - -26 - 14).
-25
What is the value of -50 + -79 + 145 - (-4 + 1)?
19
-2 - (0 + -17 - -7)
8
What is the value of -2 + 27 - (232 - 212)?
5
Evaluate (-1 - -1) + -31 + (6 - -8).
-17
What is the value of 13 - (31 + (-51 - -18))?
15
-4 + (17 - 5 - 7) + -1
0
What is the value of -3 + (5 - (1 - -9)) + 24?
16
What is -6 - ((18 - 0) + (27 - 20) + -18)?
-13
Calculate 9 + 1 + (-40 - (-12 - 25)).
7
Evaluate -3 + -3 + (1 - 6 - -10).
-1
-20 + -4 + 8 + 0 + 5
-11
What is -1 + 15 + 10 + -17 + 9?
16
Calculate -13 + (17 - 7) + 7 + 3.
7
What is -3 + (26 - (7 - -6))?
10
Calculate 5 + 7 + (11 - 14).
9
What is the value of 28 + -50 - (-11 - -2)?
-13
-102 + 137 + 1 + -16 + 7
27
What is -14 - -6 - (0 - 10) - (-2 + -11)?
15
(5 + -4 - (-4 - 1)) + 2 + -3
5
Evaluate 9 + -4 + (12 + 4 - 2).
19
Evaluate (3 - -7) + (54 - 52).
12
What is (18 - 23) + (0 - -11) + -1 + 3?
8
-6 + 18 - (1 - -1 - (-5 - 0))
5
Evaluate (55 + -27 - 14) + -13.
1
Evaluate -14 - (-7 + -10 + 26) - -4.
-19
What is the value of -5 + -21 - -19 - (0 - 11)?
4
352 - 340 - (-1 + 33)
-20
What is the value of (-8 + -2 - (-1 - (25 - 7))) + -34?
-25
What is the value of -16 + 8 - 6 - -9?
-5
What is the value of -7 - (-4 - (-4 + -9) - 8) - -2?
-6
3 + -4 + -3 - (3 - (2 + -3))
-8
-2 + (-31 - -65) + -41
-9
3 - (5 - (1 - -6)) - -8
13
Calculate -4 - -1 - (-24 - (-3 - 9) - -2).
7
22 - (-8 + (-11 - -4))
37
Evaluate -2 - 1 - (4 + -16 + 3).
6
What is the value of 6 + 11 + -10 - -23 - 6?
24
What is the value of -14 + -7 + -6 + 17 - -25?
15
Calculate 22 + (12 - (16 - 0)).
18
Evaluate 158 + -150 - ((3 - 1) + 1).
5
Evaluate -3 - (33 + -25 + 2 + -7 + 1).
-7
7 - 21 - (0 + (-1 - -9) + -4)
-18
What is 5 + -23 + (-12 - (12 - (-9 + 33)))?
-18
Calculate (11 - 15 - (-5 - (4 - -3))) + 5.
13
What is 4 + 0 + (361 - 360)?
5
Calculate 1 + -5 + 10 + -1 + -5.
0
Calculate 2 - -14 - (-18 - 0 - -22).
12
What is (-17 - -8) + 12 + -3 - 9?
-9
8 - (-5 + 14) - (24 + -53)
28
What is (-44 - -38) + 11 - -10?
15
Evaluate -19 + -22 - (9 - (6 - -19)).
-25
20 + 10 + (-6 - 27)
-3
What is the value of -1 - 8 - ((-21 - -29) + 3 + 3)?
-23
-8 - -1 - (304 - 306)
-5
What is the value of 14 + -3 - (-14 - -25)?
0
Calculate 14 + 27 + 1 + (50 - 64).
28
What is the value of 1 + (-1 + -17 - -7) + -1?
-11
Evaluate (37 - 28) + 1 - (5 - (-2 + -3)).
0
Calculate (-1 + 5 - 11) + 0.
-7
Evaluate 26 + (-11 + -18 - -16).
13
What is -10 - (-21 + 47) - -34?
-2
What is the value of 6 - (-1 - (-8 - (-12 - (-13 - -6))))?
4
What is the value of 19 - 14 - (-3 - (0 + 0 + 1))?
9
(13 + (2 - 4) - (375 - 378)) + 4
18
11 + (-30 - -9) + -4
-14
Calculate -11 + -1 + (-30 + 10 - -29).
-3
Calculate 10 + (-17 - -40) + (1 - 14).
20
What is the value of 1 - (-7 - -3) - (-1 + 3 + 0)?
3
What is 11 - -9 - (-26 - -43)?
3
Evaluate -10 + 5 + (3 - (-8 + 9 + -2)).
-1
Calculate -15 + (8 - 1) + (-12 - (-2 + -6)).
-12
What is the value of -1 - 0 - (-23 + -1 - -9)?
14
Calculate -15 + -7 + 16 + 6.
0
Evaluate 5 + -14 + 3 - (29 - 27).
-8
2 + -6 + 1 + 0 + 2 - -6
5
What is the value of 13 + 0 + 1 + (1460 - 1487)?
-13
-10 + 11 + -7 - 0
-6
What is the value of -9 + 2 + -5 + -11 + 2?
-21
-9 + -4 - (-3 - 3)
-7
Calculate (63 - 25) + -10 - (11 + -1).
18
Evaluate 13 + 20 + -27 + -13 - -5.
-2
What is (2 - 3) + 5 + 13 + -16?
1
Evaluate 1 - (5 - (-6 + 11 + -10)).
-9
(-2 - 0) + 10 + -2 - (108 - 106)
4
What is 2 + -11 + (-93 - -100) + -25?
-27
What is the value of (2 + -11 - -2) + (-33 - -28)?
-12
Evaluate -7 + 23 + (4 - 7) - 5.
8
Evaluate (-3 - (-2 + 7)) + 9.
1
Calculate 32 + (7 - (-12 - -45)).
6
What is (1 - 11) + 49 + -48 + 0 + 6?
-3
Calculate (11 - -16 - 33) + -5.
-11
(-10 - (3 + 6 + -16)) + -3
-6
What is 4 + (38 + -28 + -31 - (2 - 13))?
-6
Evaluate -2 - -11 - (-2 - (8 - (8 - -2))).
9
Calculate -11 + -1 + -4 + (30 - 26).
-12
Calculate (8 - -7) + -19 - (-4 + 0) - 5.
-5
What is -175 + 182 + 12 + -2?
17
What is -34 + -31 + 20 + 29?
-16
What is the value of 19 + 0 - (-28 - (-22 - 12))?
13
What is the value of -12 - (-58 + -3 + -6 + 20)?
35
Calculate (9 - 1 - 10) + -4 + -11.
-17
-49 - -56 - (12 - -2)
-7
What is 4 + (-9 - 3) + -7 + 31?
16
What is 0 + -33 - ((2 - -43) + -53)?
-25
15 - (-20 + (13 - 8) + -1)
31
What is 1 + (-41 - -7) - -9?
-24
Evaluate (5 - 2 - -4) + 16 + -23.
0
What is 5 - (18 - 3 - (-117 + 127))?
0
Evaluate (-16 - 12) + (-38 - -55).
-11
Evaluate 21 + (8 - 24) + 11.
16
Evaluate -1 + (40 - (-19 + 39)).
19
What is 1 + -2 + -95 + 90?
-6
Calculate -96 + 129 - (21 - 2).
14
What is 0 + 2 + -4 + -9?
-11
What is the value of -6 - ((-9 - -3) + -3 + 4)?
-1
Evaluate (15 - (-12 + (21 - -2))) + 9.
13
Calculate 88 + -84 + -2 + 2 - (10 - 1).
-5
What is the value of 1 - (-1 - 7 - (35 + -15 - 25))?
4
What is the value of 5 - (42 - 7 - 6) - -3 - -5?
-16
What is the value of 11 + -35 + (-16 - -19)?
-21
27 + -4 + -8 - 25
-10
39 + -35 + 1 + -3 - -7 - 12
-3
What is the value of -9 + -12 + 14 + 22 + 5?
20
What is 0 + 5 + -2 + 0 + (-5 - -9)?
7
What is -1 + 12 + 4 + 24 + -34?
5
Evaluate -20 + -8 + (-8 - -28) - (2 + -29).
19
What is (-18 - (0 + -6) - -1) + 9 - -28?
26
Evaluate -5 - ((-56 - -13) + 41).
-3
Calculate 15 - (5 + 1 + -3 + 5 - 8).
15
Calculate -72 - -90 - (11 + -7 + -10).
24
Calculate (15 + -1 - (58 - 18 - 31)) + -4.
1
34 - (16 - (-15 - -27))
30
What is 5 - (3 - 13 - -4)?
11
What is the value of (-1 - -5) + 21 + 3 + -3 - 8?
17
Calculate (10 + -46 - -20) + 24.
8
What is (-274 - -263) + 32 + 1?
22
Calculate 65 + 57 + -127 - (-1 + -38).
34
Calculate 7 + -20 + (4 - 3) + 6.
-6
-9 + (-8 - -12 - -5) - 1
-1
Evaluate -4 + -12 - (-18 - -27).
-25
What is (4 - 1) + (2 - (8 - (-1 - -21)))?
17
What is the value of (-6 - (-4 + 0 - 4)) + 7?
9
What is the value of (-3 - -11) + -4 + -15 + 22?
11
Evaluate (15 - 10) + -30 + 12.
-13
Calculate -14 - (10 - 8) - -7.
-9
What is -10 - -1 - 6 - (-19 - -18)?
-14
Evaluate (-11 - -15) + -2 - 2.
0
Evaluate 4 - (-46 - -65) - -32.
17
What is the value of (8 - 3) + -10 + 0?
-5
Evaluate (-1 - 2) + 0 - (36 - 32).
-7
Calculate (0 + -42 - (61 - 71)) + (-5 - -3).
-34
(-72 - -61) + -5 + 1 - -40
25
What is -21 - ((17 + 2 - 10) + -17)?
-13
Calculate -10 - (-7 - ((4 - 14) + 1)).
-12
What is 26 - ((1 - (11 - (-9 - -12))) + 5)?
28
What is -659 + 656 + 0 + 0 + -7?
-10
(66 - 78) + 33 + 2 + -2
21
What is the value of 24 + 2 + -11 + 1 + 4 + 0?
20
What is the value of 22 + (-17 - -10) + -4 - 32?
-21
What is the value of (1 - -1) + (-10 - (-53 + 33))?
12
What is -21 + 13 + (2 - (7 - 6))?
-7
Evaluate -8 + -9 + -1 + (6 - 1).
-13
(-8 - (-14 + (25 - 10) + -6)) + 32
29
Calculate -1 + (-13 - -17) + (11 + 4 - 1).
17
Calculate -39 + 22 - -21 - -17.
21
(9 - -12) + -2 + -13 - 30
-24
(-4 - -5 - -1 - 7) + 133 + -100
28
Evaluate 11 + 21 + -36 + 30.
26
-23 - (10 - (8 - -13))
-12
Calculate -25 - (-29 + (14 - 33)